{"id":39,"date":"2019-11-07T19:35:27","date_gmt":"2019-11-07T19:35:27","guid":{"rendered":"http:\/\/foto-guettler.de\/?page_id=39"},"modified":"2025-12-25T23:40:21","modified_gmt":"2025-12-25T23:40:21","slug":"kalenderprojekte","status":"publish","type":"page","link":"https:\/\/foto-guettler.de\/?page_id=39","title":{"rendered":"Kalenderprojekte"},"content":{"rendered":"\n<p class=\"has-medium-font-size\">Kalender 2026<\/p>\n\n\n\n<div class=\"wp-block-media-text is-stacked-on-mobile\"><figure class=\"wp-block-media-text__media\"><img loading=\"lazy\" decoding=\"async\" width=\"1024\" height=\"682\" src=\"https:\/\/foto-guettler.de\/wp-content\/uploads\/2025\/12\/Kalender-2026-01-1024x682.jpg\" alt=\"Kalender-2026-01\" class=\"wp-image-2353 size-full\" srcset=\"https:\/\/foto-guettler.de\/wp-content\/uploads\/2025\/12\/Kalender-2026-01-1024x682.jpg 1024w, https:\/\/foto-guettler.de\/wp-content\/uploads\/2025\/12\/Kalender-2026-01-300x200.jpg 300w, https:\/\/foto-guettler.de\/wp-content\/uploads\/2025\/12\/Kalender-2026-01-768x512.jpg 768w, https:\/\/foto-guettler.de\/wp-content\/uploads\/2025\/12\/Kalender-2026-01-1536x1024.jpg 1536w, https:\/\/foto-guettler.de\/wp-content\/uploads\/2025\/12\/Kalender-2026-01.jpg 2000w\" sizes=\"auto, (max-width: 706px) 89vw, (max-width: 767px) 82vw, 740px\" \/><\/figure><div class=\"wp-block-media-text__content\">\n<p>Wildes Herz des S\u00fcdens &#8211; Lesotho und S\u00fcdafrika => <a href=\"https:\/\/foto-guettler.de\/?page_id=2351\" data-type=\"page\" data-id=\"2139\">Kalender &#8211; 2026<\/a><\/p>\n\n\n\n<p><\/p>\n<\/div><\/div>\n\n\n\n<p class=\"has-medium-font-size\">Kalender 2025<\/p>\n\n\n\n<div class=\"wp-block-media-text is-stacked-on-mobile\"><figure class=\"wp-block-media-text__media\"><a href=\"https:\/\/foto-guettler.de\/wp-content\/uploads\/2024\/11\/Kalender-Korsika-2025-01.jpg\"><img loading=\"lazy\" decoding=\"async\" width=\"1024\" height=\"682\" src=\"https:\/\/foto-guettler.de\/wp-content\/uploads\/2024\/11\/Kalender-Korsika-2025-01-1024x682.jpg\" alt=\"\" class=\"wp-image-2162 size-full\" srcset=\"https:\/\/foto-guettler.de\/wp-content\/uploads\/2024\/11\/Kalender-Korsika-2025-01-1024x682.jpg 1024w, https:\/\/foto-guettler.de\/wp-content\/uploads\/2024\/11\/Kalender-Korsika-2025-01-300x200.jpg 300w, https:\/\/foto-guettler.de\/wp-content\/uploads\/2024\/11\/Kalender-Korsika-2025-01-768x512.jpg 768w, https:\/\/foto-guettler.de\/wp-content\/uploads\/2024\/11\/Kalender-Korsika-2025-01-1536x1024.jpg 1536w, https:\/\/foto-guettler.de\/wp-content\/uploads\/2024\/11\/Kalender-Korsika-2025-01.jpg 2000w\" sizes=\"auto, (max-width: 706px) 89vw, (max-width: 767px) 82vw, 740px\" \/><\/a><\/figure><div class=\"wp-block-media-text__content\">\n<p>Impressionen von der Mittelmeer Insel Korsika =&gt; <a href=\"https:\/\/foto-guettler.de\/?page_id=2139\" data-type=\"page\" data-id=\"2139\">Kalender &#8211; 2025<\/a><\/p>\n<\/div><\/div>\n\n\n\n<div class=\"wp-block-media-text is-stacked-on-mobile\"><figure class=\"wp-block-media-text__media\"><a href=\"https:\/\/foto-guettler.de\/wp-content\/uploads\/2024\/11\/WP-Kalender-BarsDieserWelt-2025-01.jpg\"><img loading=\"lazy\" decoding=\"async\" width=\"1024\" height=\"682\" src=\"https:\/\/foto-guettler.de\/wp-content\/uploads\/2024\/11\/WP-Kalender-BarsDieserWelt-2025-01-1024x682.jpg\" alt=\"Kalender-BarsDieserWelt-2025-01\" class=\"wp-image-2123 size-full\" srcset=\"https:\/\/foto-guettler.de\/wp-content\/uploads\/2024\/11\/WP-Kalender-BarsDieserWelt-2025-01-1024x682.jpg 1024w, https:\/\/foto-guettler.de\/wp-content\/uploads\/2024\/11\/WP-Kalender-BarsDieserWelt-2025-01-300x200.jpg 300w, https:\/\/foto-guettler.de\/wp-content\/uploads\/2024\/11\/WP-Kalender-BarsDieserWelt-2025-01-768x512.jpg 768w, https:\/\/foto-guettler.de\/wp-content\/uploads\/2024\/11\/WP-Kalender-BarsDieserWelt-2025-01-1536x1024.jpg 1536w, https:\/\/foto-guettler.de\/wp-content\/uploads\/2024\/11\/WP-Kalender-BarsDieserWelt-2025-01.jpg 2000w\" sizes=\"auto, (max-width: 706px) 89vw, (max-width: 767px) 82vw, 740px\" \/><\/a><\/figure><div class=\"wp-block-media-text__content\">\n<p>Eine Auswahl von unterschiedlichen Bars aus verschiedenen L\u00e4ndern. Eine Serie die ich seit 2013 aufbaue &#8211; hier ein Best of&#8230; =&gt; <a href=\"https:\/\/foto-guettler.de\/?page_id=2139\" data-type=\"page\" data-id=\"2139\">Kalender &#8211; 2025<\/a><\/p>\n<\/div><\/div>\n\n\n\n<p class=\"has-medium-font-size\" style=\"font-style:normal;font-weight:100\">Kalender 2024<\/p>\n\n\n\n<div class=\"wp-block-media-text is-stacked-on-mobile\"><figure class=\"wp-block-media-text__media\"><img loading=\"lazy\" decoding=\"async\" width=\"1024\" height=\"682\" src=\"https:\/\/foto-guettler.de\/wp-content\/uploads\/2023\/12\/Suedfrika-2023-Reisegruppe-01-1024x682.jpg\" alt=\"Suedfrika, 2023, Reisegruppe\" class=\"wp-image-1717 size-full\" srcset=\"https:\/\/foto-guettler.de\/wp-content\/uploads\/2023\/12\/Suedfrika-2023-Reisegruppe-01-1024x682.jpg 1024w, https:\/\/foto-guettler.de\/wp-content\/uploads\/2023\/12\/Suedfrika-2023-Reisegruppe-01-300x200.jpg 300w, https:\/\/foto-guettler.de\/wp-content\/uploads\/2023\/12\/Suedfrika-2023-Reisegruppe-01-768x512.jpg 768w, https:\/\/foto-guettler.de\/wp-content\/uploads\/2023\/12\/Suedfrika-2023-Reisegruppe-01-1536x1024.jpg 1536w, https:\/\/foto-guettler.de\/wp-content\/uploads\/2023\/12\/Suedfrika-2023-Reisegruppe-01.jpg 2000w\" sizes=\"auto, (max-width: 706px) 89vw, (max-width: 767px) 82vw, 740px\" \/><\/figure><div class=\"wp-block-media-text__content\">\n<p>Landschafts- und Tieraufnahmen aus S\u00fcdafrika =&gt; <a href=\"https:\/\/foto-guettler.de\/?page_id=1693\">Kalender &#8211; 2024<\/a><\/p>\n<\/div><\/div>\n\n\n\n<p class=\"has-medium-font-size\" style=\"font-style:normal;font-weight:100\">Kalender 2023<\/p>\n\n\n\n<div class=\"wp-block-media-text is-stacked-on-mobile\"><figure class=\"wp-block-media-text__media\"><img loading=\"lazy\" decoding=\"async\" width=\"1024\" height=\"645\" src=\"https:\/\/foto-guettler.de\/wp-content\/uploads\/2022\/12\/Kalender-Frankreich-2023-01-1024x645.jpg\" alt=\"Kalender-Frankreich-2023-01\" class=\"wp-image-1542 size-full\" srcset=\"https:\/\/foto-guettler.de\/wp-content\/uploads\/2022\/12\/Kalender-Frankreich-2023-01-1024x645.jpg 1024w, https:\/\/foto-guettler.de\/wp-content\/uploads\/2022\/12\/Kalender-Frankreich-2023-01-300x189.jpg 300w, https:\/\/foto-guettler.de\/wp-content\/uploads\/2022\/12\/Kalender-Frankreich-2023-01-768x483.jpg 768w, https:\/\/foto-guettler.de\/wp-content\/uploads\/2022\/12\/Kalender-Frankreich-2023-01-1536x967.jpg 1536w, https:\/\/foto-guettler.de\/wp-content\/uploads\/2022\/12\/Kalender-Frankreich-2023-01.jpg 2000w\" sizes=\"auto, (max-width: 706px) 89vw, (max-width: 767px) 82vw, 740px\" \/><\/figure><div class=\"wp-block-media-text__content\">\n<p>Impressionen aus Frankreich mit Fotos aus der Bretagne, Elsa\u00df, Provence, Ard\u00e8che und Burgund. Eine Zusammenstellung aus drei Urlauben =&gt; <a href=\"https:\/\/foto-guettler.de\/?page_id=1569\">Kalender &#8211; 2023<\/a><\/p>\n<\/div><\/div>\n\n\n\n<h2 class=\"wp-block-heading has-medium-font-size\">Kalender 2022<\/h2>\n\n\n\n<div class=\"wp-block-media-text is-stacked-on-mobile\"><figure class=\"wp-block-media-text__media\"><img loading=\"lazy\" decoding=\"async\" width=\"1024\" height=\"682\" src=\"https:\/\/foto-guettler.de\/wp-content\/uploads\/2021\/10\/Foodkalender-2022-01-1024x682.jpg\" alt=\"Foodkalender-2022\" class=\"wp-image-1325 size-full\" srcset=\"https:\/\/foto-guettler.de\/wp-content\/uploads\/2021\/10\/Foodkalender-2022-01-1024x682.jpg 1024w, https:\/\/foto-guettler.de\/wp-content\/uploads\/2021\/10\/Foodkalender-2022-01-300x200.jpg 300w, https:\/\/foto-guettler.de\/wp-content\/uploads\/2021\/10\/Foodkalender-2022-01-768x512.jpg 768w, https:\/\/foto-guettler.de\/wp-content\/uploads\/2021\/10\/Foodkalender-2022-01-1536x1024.jpg 1536w, https:\/\/foto-guettler.de\/wp-content\/uploads\/2021\/10\/Foodkalender-2022-01.jpg 2000w\" sizes=\"auto, (max-width: 706px) 89vw, (max-width: 767px) 82vw, 740px\" \/><\/figure><div class=\"wp-block-media-text__content\">\n<p>Ein Food Kalender mit unterschiedlichen Motiven wie Gem\u00fcse, Fr\u00fcchte, Fleisch Gew\u00fcrze, Fisch und S\u00fc\u00dfigkeiten =&gt; <a href=\"http:\/\/foto-guettler.de\/?page_id=1321\">Kalender &#8211; 2022<\/a><\/p>\n<\/div><\/div>\n\n\n\n<h2 class=\"wp-block-heading has-medium-font-size\">Kalender 2021<\/h2>\n\n\n\n<div class=\"wp-block-media-text is-stacked-on-mobile\"><figure class=\"wp-block-media-text__media\"><img loading=\"lazy\" decoding=\"async\" width=\"1024\" height=\"682\" src=\"https:\/\/foto-guettler.de\/wp-content\/uploads\/2020\/09\/Kalender-Bretagne-2021-01-1024x682.jpg\" alt=\"Kalender-Bretagne-2021, Deckblatt\" class=\"wp-image-1103 size-full\" srcset=\"https:\/\/foto-guettler.de\/wp-content\/uploads\/2020\/09\/Kalender-Bretagne-2021-01-1024x682.jpg 1024w, https:\/\/foto-guettler.de\/wp-content\/uploads\/2020\/09\/Kalender-Bretagne-2021-01-300x200.jpg 300w, https:\/\/foto-guettler.de\/wp-content\/uploads\/2020\/09\/Kalender-Bretagne-2021-01-768x512.jpg 768w, https:\/\/foto-guettler.de\/wp-content\/uploads\/2020\/09\/Kalender-Bretagne-2021-01-1536x1024.jpg 1536w, https:\/\/foto-guettler.de\/wp-content\/uploads\/2020\/09\/Kalender-Bretagne-2021-01.jpg 2000w\" sizes=\"auto, (max-width: 706px) 89vw, (max-width: 767px) 82vw, 740px\" \/><\/figure><div class=\"wp-block-media-text__content\">\n<p>Ein Landschaftskalender aus der Bretagne in Frankreich =&gt; <a href=\"http:\/\/foto-guettler.de\/?page_id=1130\">Kalender &#8211; 202<\/a>1<\/p>\n<\/div><\/div>\n\n\n\n<div class=\"wp-block-media-text is-stacked-on-mobile\" style=\"grid-template-columns:25% auto\"><figure class=\"wp-block-media-text__media\"><img loading=\"lazy\" decoding=\"async\" width=\"682\" height=\"1024\" src=\"https:\/\/foto-guettler.de\/wp-content\/uploads\/2020\/09\/Tierkalender-2021-01-682x1024.jpg\" alt=\"Tierkalender-2021, Deckblatt\" class=\"wp-image-1157 size-full\" srcset=\"https:\/\/foto-guettler.de\/wp-content\/uploads\/2020\/09\/Tierkalender-2021-01-682x1024.jpg 682w, https:\/\/foto-guettler.de\/wp-content\/uploads\/2020\/09\/Tierkalender-2021-01-200x300.jpg 200w, https:\/\/foto-guettler.de\/wp-content\/uploads\/2020\/09\/Tierkalender-2021-01-768x1152.jpg 768w, https:\/\/foto-guettler.de\/wp-content\/uploads\/2020\/09\/Tierkalender-2021-01-1024x1536.jpg 1024w, https:\/\/foto-guettler.de\/wp-content\/uploads\/2020\/09\/Tierkalender-2021-01.jpg 1333w\" sizes=\"auto, (max-width: 682px) 100vw, 682px\" \/><\/figure><div class=\"wp-block-media-text__content\">\n<p>Ein Tierkalender im Hochformat mit Tieren aus Afrika im Hochformat =&gt; <a href=\"http:\/\/foto-guettler.de\/?page_id=1130\">Kalender &#8211; 202<\/a>1<\/p>\n<\/div><\/div>\n\n\n\n<h2 class=\"wp-block-heading has-medium-font-size\">Themenschwerpunkt Afrika<\/h2>\n\n\n\n<p class=\"has-medium-font-size\">2020<\/p>\n\n\n\n<div class=\"wp-block-media-text is-stacked-on-mobile\"><figure class=\"wp-block-media-text__media\"><img loading=\"lazy\" decoding=\"async\" width=\"1024\" height=\"683\" src=\"https:\/\/foto-guettler.de\/wp-content\/uploads\/2019\/12\/Tierkalender-2020-01-1024x683.jpg\" alt=\"Deckblatt\" class=\"wp-image-181 size-full\" srcset=\"https:\/\/foto-guettler.de\/wp-content\/uploads\/2019\/12\/Tierkalender-2020-01-1024x683.jpg 1024w, https:\/\/foto-guettler.de\/wp-content\/uploads\/2019\/12\/Tierkalender-2020-01-300x200.jpg 300w, https:\/\/foto-guettler.de\/wp-content\/uploads\/2019\/12\/Tierkalender-2020-01-768x512.jpg 768w, https:\/\/foto-guettler.de\/wp-content\/uploads\/2019\/12\/Tierkalender-2020-01-1536x1024.jpg 1536w, https:\/\/foto-guettler.de\/wp-content\/uploads\/2019\/12\/Tierkalender-2020-01-2048x1366.jpg 2048w\" sizes=\"auto, (max-width: 706px) 89vw, (max-width: 767px) 82vw, 740px\" \/><\/figure><div class=\"wp-block-media-text__content\">\n<p>Ein Tierkalender im Querformat aus Namibia =&gt; <a href=\"http:\/\/foto-guettler.de\/?page_id=177\">Kalender &#8211; 2020<\/a><\/p>\n<\/div><\/div>\n\n\n\n<div class=\"wp-block-media-text is-stacked-on-mobile\"><figure class=\"wp-block-media-text__media\"><img loading=\"lazy\" decoding=\"async\" width=\"1024\" height=\"683\" src=\"https:\/\/foto-guettler.de\/wp-content\/uploads\/2019\/12\/Kalender-Namibia-2020-01-1024x683.jpg\" alt=\"Kalender-Namibia-2020\" class=\"wp-image-406 size-full\" srcset=\"https:\/\/foto-guettler.de\/wp-content\/uploads\/2019\/12\/Kalender-Namibia-2020-01-1024x683.jpg 1024w, https:\/\/foto-guettler.de\/wp-content\/uploads\/2019\/12\/Kalender-Namibia-2020-01-300x200.jpg 300w, https:\/\/foto-guettler.de\/wp-content\/uploads\/2019\/12\/Kalender-Namibia-2020-01-768x512.jpg 768w, https:\/\/foto-guettler.de\/wp-content\/uploads\/2019\/12\/Kalender-Namibia-2020-01-1536x1024.jpg 1536w, https:\/\/foto-guettler.de\/wp-content\/uploads\/2019\/12\/Kalender-Namibia-2020-01-2048x1366.jpg 2048w\" sizes=\"auto, (max-width: 706px) 89vw, (max-width: 767px) 82vw, 740px\" \/><\/figure><div class=\"wp-block-media-text__content\">\n<p>Kalender im Querformat mit Eindr\u00fccken aus Namibia =&gt; <a href=\"http:\/\/foto-guettler.de\/?page_id=177\">Kalender &#8211; 2020<\/a><\/p>\n<\/div><\/div>\n\n\n\n<p class=\"has-medium-font-size\">2019<\/p>\n\n\n\n<div class=\"wp-block-media-text is-stacked-on-mobile\"><figure class=\"wp-block-media-text__media\"><img loading=\"lazy\" decoding=\"async\" width=\"1024\" height=\"682\" src=\"https:\/\/foto-guettler.de\/wp-content\/uploads\/2019\/12\/Tierkalender-2019-01-1024x682.jpg\" alt=\"Deckblatt, Oryx, Tierkalender-2019\" class=\"wp-image-268 size-full\" srcset=\"https:\/\/foto-guettler.de\/wp-content\/uploads\/2019\/12\/Tierkalender-2019-01-1024x682.jpg 1024w, https:\/\/foto-guettler.de\/wp-content\/uploads\/2019\/12\/Tierkalender-2019-01-300x200.jpg 300w, https:\/\/foto-guettler.de\/wp-content\/uploads\/2019\/12\/Tierkalender-2019-01-768x512.jpg 768w, https:\/\/foto-guettler.de\/wp-content\/uploads\/2019\/12\/Tierkalender-2019-01-1536x1024.jpg 1536w, https:\/\/foto-guettler.de\/wp-content\/uploads\/2019\/12\/Tierkalender-2019-01.jpg 2000w\" sizes=\"auto, (max-width: 706px) 89vw, (max-width: 767px) 82vw, 740px\" \/><\/figure><div class=\"wp-block-media-text__content\">\n<p>Ein Tierkalender im Querformat aus dem s\u00fcdlichen Namibia =&gt; <a href=\"http:\/\/foto-guettler.de\/?page_id=97\">Kalender &#8211; 2019<\/a><\/p>\n<\/div><\/div>\n\n\n\n<div class=\"wp-block-media-text is-stacked-on-mobile\"><figure class=\"wp-block-media-text__media\"><img loading=\"lazy\" decoding=\"async\" width=\"1024\" height=\"682\" src=\"https:\/\/foto-guettler.de\/wp-content\/uploads\/2019\/12\/Tierkalender-2019-01-1-1024x682.jpg\" alt=\"Kalender-Namibia-2019\" class=\"wp-image-300 size-full\" srcset=\"https:\/\/foto-guettler.de\/wp-content\/uploads\/2019\/12\/Tierkalender-2019-01-1-1024x682.jpg 1024w, https:\/\/foto-guettler.de\/wp-content\/uploads\/2019\/12\/Tierkalender-2019-01-1-300x200.jpg 300w, https:\/\/foto-guettler.de\/wp-content\/uploads\/2019\/12\/Tierkalender-2019-01-1-768x512.jpg 768w, https:\/\/foto-guettler.de\/wp-content\/uploads\/2019\/12\/Tierkalender-2019-01-1-1536x1024.jpg 1536w, https:\/\/foto-guettler.de\/wp-content\/uploads\/2019\/12\/Tierkalender-2019-01-1.jpg 2000w\" sizes=\"auto, (max-width: 706px) 89vw, (max-width: 767px) 82vw, 740px\" \/><\/figure><div class=\"wp-block-media-text__content\">\n<p>Ein Landschaftskalender im Querformat mit Impressionen aus dem s\u00fcdlichen Namibia =&gt; <a href=\"http:\/\/foto-guettler.de\/?page_id=97\">Kalender &#8211; 2019<\/a><\/p>\n<\/div><\/div>\n","protected":false},"excerpt":{"rendered":"<p>Kalender 2026 Wildes Herz des S\u00fcdens &#8211; Lesotho und S\u00fcdafrika => Kalender &#8211; 2026 Kalender 2025 Impressionen von der Mittelmeer Insel Korsika =&gt; Kalender &#8211; 2025 Eine Auswahl von unterschiedlichen Bars aus verschiedenen L\u00e4ndern. Eine Serie die ich seit 2013 aufbaue &#8211; hier ein Best of&#8230; =&gt; Kalender &#8211; 2025 Kalender 2024 Landschafts- und Tieraufnahmen &hellip; <\/p>\n<p class=\"link-more\"><a href=\"https:\/\/foto-guettler.de\/?page_id=39\" class=\"more-link\"><span class=\"screen-reader-text\">\u201eKalenderprojekte\u201c <\/span>weiterlesen<\/a><\/p>\n","protected":false},"author":1,"featured_media":0,"parent":0,"menu_order":0,"comment_status":"open","ping_status":"closed","template":"","meta":{"ngg_post_thumbnail":0,"footnotes":""},"class_list":["post-39","page","type-page","status-publish","hentry"],"jetpack_sharing_enabled":true,"_links":{"self":[{"href":"https:\/\/foto-guettler.de\/index.php?rest_route=\/wp\/v2\/pages\/39","targetHints":{"allow":["GET"]}}],"collection":[{"href":"https:\/\/foto-guettler.de\/index.php?rest_route=\/wp\/v2\/pages"}],"about":[{"href":"https:\/\/foto-guettler.de\/index.php?rest_route=\/wp\/v2\/types\/page"}],"author":[{"embeddable":true,"href":"https:\/\/foto-guettler.de\/index.php?rest_route=\/wp\/v2\/users\/1"}],"replies":[{"embeddable":true,"href":"https:\/\/foto-guettler.de\/index.php?rest_route=%2Fwp%2Fv2%2Fcomments&post=39"}],"version-history":[{"count":6,"href":"https:\/\/foto-guettler.de\/index.php?rest_route=\/wp\/v2\/pages\/39\/revisions"}],"predecessor-version":[{"id":2382,"href":"https:\/\/foto-guettler.de\/index.php?rest_route=\/wp\/v2\/pages\/39\/revisions\/2382"}],"wp:attachment":[{"href":"https:\/\/foto-guettler.de\/index.php?rest_route=%2Fwp%2Fv2%2Fmedia&parent=39"}],"curies":[{"name":"wp","href":"https:\/\/api.w.org\/{rel}","templated":true}]}}